{"version":"1.0","provider_name":"Organisation des villes du patrimoine mondial","provider_url":"https:\/\/www.ovpm.org\/fr\/","title":"Congr\u00e8s mondial de l'OVPM - Sintra 2011 - Appel d'affiches - Organisation des villes du patrimoine mondial","type":"rich","width":600,"height":338,"html":"<blockquote class=\"wp-embedded-content\" data-secret=\"qe4dKLpAUW\"><a href=\"https:\/\/www.ovpm.org\/fr\/2011\/03\/21\/congres-mondial-de-lovpm-sintra-2011-appel-daffiches\/\">Congr\u00e8s mondial de l&rsquo;OVPM &#8211; Sintra 2011 &#8211; Appel d&rsquo;affiches<\/a><\/blockquote><iframe sandbox=\"allow-scripts\" security=\"restricted\" src=\"https:\/\/www.ovpm.org\/fr\/2011\/03\/21\/congres-mondial-de-lovpm-sintra-2011-appel-daffiches\/embed\/#?secret=qe4dKLpAUW\" width=\"600\" height=\"338\" title=\"\u00ab\u00a0Congr\u00e8s mondial de l&rsquo;OVPM &#8211; Sintra 2011 &#8211; Appel d&rsquo;affiches\u00a0\u00bb &#8212; Organisation des villes du patrimoine mondial\" data-secret=\"qe4dKLpAUW\" frameborder=\"0\" marginwidth=\"0\" marginheight=\"0\" scrolling=\"no\" class=\"wp-embedded-content\"><\/iframe><script type=\"text\/javascript\">\n\/* <![CDATA[ *\/\n\/*! This file is auto-generated *\/\n!function(d,l){\"use strict\";l.querySelector&&d.addEventListener&&\"undefined\"!=typeof URL&&(d.wp=d.wp||{},d.wp.receiveEmbedMessage||(d.wp.receiveEmbedMessage=function(e){var t=e.data;if((t||t.secret||t.message||t.value)&&!\/[^a-zA-Z0-9]\/.test(t.secret)){for(var s,r,n,a=l.querySelectorAll('iframe[data-secret=\"'+t.secret+'\"]'),o=l.querySelectorAll('blockquote[data-secret=\"'+t.secret+'\"]'),c=new RegExp(\"^https?:$\",\"i\"),i=0;i<o.length;i++)o[i].style.display=\"none\";for(i=0;i<a.length;i++)s=a[i],e.source===s.contentWindow&&(s.removeAttribute(\"style\"),\"height\"===t.message?(1e3<(r=parseInt(t.value,10))?r=1e3:~~r<200&&(r=200),s.height=r):\"link\"===t.message&&(r=new URL(s.getAttribute(\"src\")),n=new URL(t.value),c.test(n.protocol))&&n.host===r.host&&l.activeElement===s&&(d.top.location.href=t.value))}},d.addEventListener(\"message\",d.wp.receiveEmbedMessage,!1),l.addEventListener(\"DOMContentLoaded\",function(){for(var e,t,s=l.querySelectorAll(\"iframe.wp-embedded-content\"),r=0;r<s.length;r++)(t=(e=s[r]).getAttribute(\"data-secret\"))||(t=Math.random().toString(36).substring(2,12),e.src+=\"#?secret=\"+t,e.setAttribute(\"data-secret\",t)),e.contentWindow.postMessage({message:\"ready\",secret:t},\"*\")},!1)))}(window,document);\n\/* ]]> *\/\n<\/script>\n","thumbnail_url":"https:\/\/www.ovpm.org\/wp-content\/uploads\/2018\/09\/xicongre727x862840x996.jpg","thumbnail_width":840,"thumbnail_height":996,"description":"Le Congr\u00e8s mondial de l&rsquo;OVPM est un forum unique qui a lieu tous les deux ans. Il rassemble des politiciens et des professionnels engag\u00e9s dans la pr\u00e9servation des villes historiques, en particulier les villes inscrites sur la liste du Patrimoine mondial de l&rsquo;UNESCO. Depuis la premi\u00e8re r\u00e9union en 1991, cet \u00e9v\u00e9nement permet aux participants de [&hellip;]"}

Congrès mondial de l'OVPM - Sintra 2011 - Appel d'affiches - Organisation des villes du patrimoine mondial

<blockquote class="wp-embedded-content" data-secret="qe4dKLpAUW"><a href="https://www.ovpm.org/fr/2011/03/21/congres-mondial-de-lovpm-sintra-2011-appel-daffiches/">Congrès mondial de l&rsquo;OVPM &#8211; Sintra 2011 &#8211; Appel d&rsquo;affiches</a></blockquote><iframe sandbox="allow-scripts" security="restricted" src="https://www.ovpm.org/fr/2011/03/21/congres-mondial-de-lovpm-sintra-2011-appel-daffiches/embed/#?secret=qe4dKLpAUW" width="600" height="338" title="« Congrès mondial de l&rsquo;OVPM &#8211; Sintra 2011 &#8211; Appel d&rsquo;affiches » &#8212; Organisation des villes du patrimoine mondial" data-secret="qe4dKLpAUW" frameborder="0" marginwidth="0" marginheight="0" scrolling="no" class="wp-embedded-content"></iframe><script type="text/javascript">
/* <![CDATA[ */
/*! This file is auto-generated */
!function(d,l){"use strict";l.querySelector&&d.addEventListener&&"undefined"!=typeof URL&&(d.wp=d.wp||{},d.wp.receiveEmbedMessage||(d.wp.receiveEmbedMessage=function(e){var t=e.data;if((t||t.secret||t.message||t.value)&&!/[^a-zA-Z0-9]/.test(t.secret)){for(var s,r,n,a=l.querySelectorAll('iframe[data-secret="'+t.secret+'"]'),o=l.querySelectorAll('blockquote[data-secret="'+t.secret+'"]'),c=new RegExp("^https?:$","i"),i=0;i<o.length;i++)o[i].style.display="none";for(i=0;i<a.length;i++)s=a[i],e.source===s.contentWindow&&(s.removeAttribute("style"),"height"===t.message?(1e3<(r=parseInt(t.value,10))?r=1e3:~~r<200&&(r=200),s.height=r):"link"===t.message&&(r=new URL(s.getAttribute("src")),n=new URL(t.value),c.test(n.protocol))&&n.host===r.host&&l.activeElement===s&&(d.top.location.href=t.value))}},d.addEventListener("message",d.wp.receiveEmbedMessage,!1),l.addEventListener("DOMContentLoaded",function(){for(var e,t,s=l.querySelectorAll("iframe.wp-embedded-content"),r=0;r<s.length;r++)(t=(e=s[r]).getAttribute("data-secret"))||(t=Math.random().toString(36).substring(2,12),e.src+="#?secret="+t,e.setAttribute("data-secret",t)),e.contentWindow.postMessage({message:"ready",secret:t},"*")},!1)))}(window,document);
/* ]]> */
</script>

Le Congrès mondial de l&rsquo;OVPM est un forum unique qui a lieu tous les deux ans. Il rassemble des politiciens et des professionnels engagés dans la préservation des villes historiques, en particulier les villes inscrites sur la liste du Patrimoine mondial de l&rsquo;UNESCO. Depuis la première réunion en 1991, cet événement permet aux participants de [&hellip;]
